at are the prime factors of h?
7, 11
What are the prime factors of (5 + 152/(-32))/(1/2044)?
7, 73
Let i(q) = 2*q - 3. Let r be i(-7). Let k = 19 + r. List the prime factors of (82 - 0/2)/k.
41
Let f = 50 - 49. What are the prime factors of 10/60 - ((-370)/12)/f?
31
Let m(i) be the second derivative of -i**2 + 47/12*i**4 + 0 + 1/2*i**3 + 9*i. List the prime factors of m(1).
2, 3
Let t(a) = 27*a + 2. Let c be 1/(2 - 12/8). Let r be t(c). Suppose p + 13 = r. List the prime factors of p.
43
Let v(x) = -5*x + 34. Let w be v(6). Suppose -4*q + 143 + 63 = -r, -w*r - 212 = -4*q. What are the prime factors of q?
3, 17
Let a(c) = c**3 + 17*c**2 + 13*c + 41. What are the prime factors of a(-15)?
2, 37
Let y be 1 - (-1 + 2)*-2. Suppose 4*w + 192 - 793 = 3*x, -x = -y*w + 457. Suppose 34 = -2*p + w. What are the prime factors of p?
2, 3, 5
Let a(p) = -p**3 + 5*p**2 + 5*p + 6. Let d be a(6). Suppose l - g = -0*g + 85, 2*l + 4*g - 146 = d. What are the prime factors of l?
3
Suppose 3*r + 12 = 6*r. Suppose -r*b + 2*b + 170 = 0. What are the prime factors of b?
5, 17
Let k = 55 + -42. Suppose 0 = -9*v + k*v - 292. List the prime factors of v.
73
Let t(z) = 10*z**2 + 2*z + 2. Let c be ((-8)/(-6))/((-6)/(-9)). Suppose 12 = 7*f - c. What are the prime factors of t(f)?
2, 23
Suppose 19*x = 14*x - 35. Suppose 0*g - 58 = -2*g. Let y = x + g. List the prime factors of y.
2, 11
Let z = -71 - -74. Suppose -251 = -5*v + 4*c, -v + 9*c = 4*c - 67. Suppose v = 4*u - z*u. What are the prime factors of u?
47
Suppose -3*j = 2*c - 62 + 9, 0 = 2*j - 3*c - 31. Let l(g) = -g**2 + 21*g + 26. List the prime factors of l(j).
2, 47
Suppose 3*s = 2*z - 5724, -8093 = -4*z - 3*s + 3319. What are the prime factors of z?
2, 3, 7, 17
Let m = 181 - -212. What are the prime factors of m?
3, 131
Suppose 0 = -4*v + 2*b + 3*b + 7, b = -4*v - 11. List the prime factors of (-6 - -2) + (-60)/v + -2.
2, 3
Let n be ((-27)/6 + 4)*4 - -27. Suppose n + 160 = p. What are the prime factors of p?
5, 37
Let l(i) = 3*i**3 - i**2 - 5*i + 12. List the prime factors of l(6).
2, 3, 11
Suppose 0 = -2*f, -4*s - 5*f + 6902 = -22. List the prime factors of s.
3, 577
Suppose 4*s + 24 = -4*r, -r = -4*s - 6 - 8. What are the prime factors of (652/(-8))/(2/s)?
163
Let s = -19 + 21. Suppose 3*x = s*x - 45. Let g = x - -67. List the prime factors of g.
2, 11
Suppose -4*h + 2*m - 308 + 13106 = 0, -4*h - m + 12783 = 0. List the prime factors of h.
23, 139
List the prime factors of (-6926)/(-18) + (-12)/(-54).
5, 7, 11
Let t(s) = 3*s**2 - 3*s + 9. List the prime factors of t(8).
3, 59
Let m = 2 + -4. Let l be m/(-2) + -1 + 161. Suppose 0 = 2*d - 7*d + 2*t + l, 43 = d + 5*t. What are the prime factors of d?
3, 11
Let h(f) = -7 - 16*f + 43*f + 23. Let l be h(8). List the prime factors of l/28 + 6/(-21).
2
Suppose 9 = -5*s + 4. Let r be 15*s/5*-3. What are the prime factors of (-14)/(r/6 + -2)?
2, 7
Let m(u) = -2*u**3 - 15*u**2 + 28*u - 12. What are the prime factors of m(-13)?
1483
Suppose 4*s + 145 = 2*r + 59, -r - 4*s = -31. Let h = 57 - r. Suppose -4*x + 2*x + 35 = -5*u, -x + 2*u = -h. What are the prime factors of x?
2, 5
Let o = -788 + 1109. What are the prime factors of o?
3, 107
Let i = 17 + -16. Let f = 5 - i. List the prime factors of f.
2
Let y(u) = 1. Let n(l) = -39*l + 12. Let f(b) = n(b) - 5*y(b). Let t be f(-3). Suppose -4*h = -4*q - t, -3*q - 7 = -h + 32. List the prime factors of h.
3
What are the prime factors of (129/(-172))/((-2)/3704)?
3, 463
Suppose -3*c = 27*c - 18810. What are the prime factors of c?
3, 11, 19
Suppose -155 = -6*f + 1063. Let c = -138 + f. What are the prime factors of c?
5, 13
Suppose 3*h - 7*h + 2 = 5*i, 0 = -5*i + 4*h + 18. Suppose -i*w = -3*w. Let n = w + 6. List the prime factors of n.
2, 3
List the prime factors of 369*((-12)/30*5 + 4).
2, 3, 41
Let b(s) = 15*s**2 + s + 15. What are the prime factors of b(-6)?
3, 61
Let j(p) = -4 + 0*p - 144*p**3 - 2*p**2 + p + 143*p**3 + 0*p**2. What are the prime factors of j(-3)?
2
Suppose o = -2*q + 28, 11*o + 2*q + 82 = 15*o. Suppose 1123 = o*h - 1473. What are the prime factors of h?
2, 59
Suppose 0 = -c + 5*c - 8. Let x(p) = 4*p - 8. Let u be x(11). Suppose -c*q + u = q. What are the prime factors of q?
2, 3
Suppose -20 + 60 = -2*w. Let f be 56/2 - (-3 - -1). Let c = f + w. What are the prime factors of c?
2, 5
Let t be (2 - 4) + 30/1. Let o = t - 25. Suppose v - 24 - 31 = -o*s, 2*s = 5*v + 31. What are the prime factors of s?
2, 3
Let r = -20 - -12. Let t = 10 + r. List the prime factors of t.
2
Suppose 10*n - n = 1116. Let w = -73 + n. What are the prime factors of w?
3, 17
Suppose -67 = 21*f - 6073. What are the prime factors of f?
2, 11, 13
What are the prime factors of (-1 + 436)/3*(-506)/(-115)?
2, 11, 29
Suppose -4*d = -14*d - 40. List the prime factors of (-4)/((-3)/(-690)*d).
2, 5, 23
Suppose 0 = -28*r + 26*r + 400. List the prime factors of (-27)/(-15)*r/12.
2, 3, 5
Suppose -10 = 5*p - 2*s, p + 2*p - 2*s + 10 = 0. Suppose -3*j - 2*j = p. Suppose 4*x = -4*k + 164, -3*k = -j*x - x + 57. List the prime factors of x.
3, 5
Let u be 24/30*30/(-4). Let j(k) = 2*k**2 - k + 1. List the prime factors of j(u).
79
Let y = -9 - -15. Suppose -3*p - 30 = -r, 3*r + 3*p - 51 = -p. Suppose 5*u + r = y*u. What are the prime factors of u?
3, 7
Let r(h) = 9*h - 68. What are the prime factors of r(8)?
2
Suppose -12264 = -11*t + 1552. List the prime factors of t.
2, 157
Suppose -u + 2*d - 6*d + 21 = 0, 0 = 3*u + d - 19. Let x(v) = v**2 + 21*v - 22. Let q be x(-22). Suppose -6*y + u*y + 47 = q. What are the prime factors of y?
47
Let w = -85 + 178. Let b = w - 19. List the prime factors of b.
2, 37
Suppose -3*c - 70 - 16 = -p, 146 = -5*c + p. List the prime factors of 10*-3*6/c.
2, 3
Suppose -2*c + 6 = 2*m, 3*c + 2*m - 3 = 5*m. Let o(g) = -g**3 - 6*g**2 - 6*g - 5. Let u be o(-5). Let w = c + u. What are the prime factors of w?
2
List the prime factors of 7/35 + (-564)/(-5).
113
Suppose -817 = -5*x - 172. Let o be 18/27*x/(-2). Let b = 79 + o. List the prime factors of b.
2, 3
Let m be (2/(-6))/(7/21). Let v be ((3 - 0) + -5)/m. Suppose -192 = -z - v*z. What are the prime factors of z?
2
Suppose -15407 = -11*r - 458. What are the prime factors of r?
3, 151
Suppose -40026 = -31*f + 9667. What are the prime factors of f?
7, 229
Let s be 12/102 + (-4)/34. Suppose -5*k = r - 303 + 30, s = -4*r + 2*k + 1070. List the prime factors of r/7 - (-8)/(-28).
2, 19
Let f(s) = 33*s + 196. What are the prime factors of f(42)?
2, 7, 113
Let i(s) = -s**2 - 50*s + 182. What are the prime factors of i(-27)?
11, 73
Let z(o) = -3*o + 9. Let t be z(3). Suppose t = -j + 2, -2*j - 222 = -4*h - j. List the prime factors of h.
2, 7
Let z(x) = -x**2 + 10*x + 8. Let w be z(11). Let m(f) = 8*f**2 + 4*f + 2. List the prime factors of m(w).
2, 31
Let z(v) = v + 7*v**2 + 6*v**2 + 0*v - 14*v**2. Let j(s) = 3*s**2 - 6*s + 2. Let g(f) = -j(f) - 6*z(f). What are the prime factors of g(-3)?
5
Let d(k) = -29*k + 268. What are the prime factors of d(-27)?
1051
Let k(m) = 2*m**3 - 35*m**2 - 7*m - 5. List the prime factors of k(18).
193
Suppose -4*o - 3 = 2*t - 3*t, 0 = -4*o. Suppose -5*g = 5, -t*q + 4*g + 138 = -q. What are the prime factors of q?
67
Let a = -22 - -13. Let r = 19 - 15. What are the prime factors of (-9)/(a/r) - -71?
3, 5
Suppose 5*t - 15 = -0*t. Let o(b) = -7*b**2 + b + 22 - 3*b**2 - 8*b**2 + b**t. List the prime factors of o(18).
2, 5
Let g(s) = -5*s**3 - 2*s**2 + s - 1. Let r(m) = m**2 - 7*m. Let t be r(7). Let f = t - 2. What are the prime factors of g(f)?
29
Let r(i) = 5*i**2 - 3*i. Let j be r(2). Let f be j/4*(-20)/(-35). Suppose 0 = -f*a - 3*n + 93, 2*n - 6 = -0*n. What are the prime factors of a?
2, 3, 7
Let n = 20 + -16. Suppose 3 = n*p - k - 1, k = 2*p. What are the prime factors of ((-32)/5)/(p/(-10))?
2
Suppose -2*s + 0*s + 12 = 5*k, s = 4*k + 19. Suppose f + 11 + s = 4*n, f + 2 = 0. List the prime factors of n.
5
Suppose 3*w = -4*d - 372, -395 = 4*d - 3*w + 1. Let m = 175 + d. List the prime factors of m.
79
What are the prime factors of (-1 + 0)/(((-90)/3912)/15)?
2, 163
Let v(h) be the first derivative of 2*h**2 + 3. Let d be v(1). Suppose 2*x = d*x - 12. List the prime factors of x.
2, 3
Let a = -5 - -14. Suppose f - 240 = -a*f. What are the prime factors of 